 (base 7) to base 13
5c1710
22210212 (base 3) to base 2
1100100010110
28773 (base 9) to base 13
8bb9
What is -303415 (base 6) in base 13?
-aca3
Convert 14930 (base 13) to base 7.
221303
What is -3477111 (base 9) in base 3?
-10112121010101
What is 4dba0 (base 16) in base 10?
318368
Convert 1101637 (base 15) to base 3.
211212112012221
75986 (base 11) to base 3
12121100010
Convert -1421303133 (base 5) to base 15.
-4d0763
Convert 314215 (base 6) to base 15.
789b
865b2e (base 15) to base 13
14302ac
What is 114352 (base 10) in base 8?
337260
What is 21107aa (base 11) in base 14?
6cb869
101000010111100000010000 (base 2) to base 14
15965d6
What is 243015 (base 9) in base 11?
a0111
Convert -444501 (base 7) to base 10.
-78450
What is -81d8 (base 15) in base 2?
-110101100100100
What is 1db29 (base 14) in base 9?
125566
-11010011010000101 (base 2) to base 8
-323205
414404114 (base 5) to base 13
4811a3
Convert 32112120 (base 4) to base 14.
175c4
Convert -10333 (base 7) to base 12.
-15a4
Convert -10223696 (base 10) to base 8.
-47000120
Convert -155465 (base 7) to base 2.
-111100000110010
What is 25016003 (base 7) in base 4?
20202310301
What is 8c6eea (base 15) in base 16?
6653c8
What is 404452 (base 6) in base 14?
ba00
3726567 (base 8) to base 2
11111010110101110111
What is -121201202 (base 3) in base 11?
-9189
Convert 1031211433 (base 5) to base 14.
4176a7
What is -100410114 (base 6) in base 13?
-47c371
Convert -43415340 (base 7) to base 6.
-211411530
Convert 340143 (base 5) to base 11.
8a5a
What is -13c4c2 (base 13) in base 6?
-14213314
What is 15270a (base 11) in base 7?
2010136
120211112112 (base 3) to base 10
311675
What is -193411 (base 16) in base 6?
-55222521
What is -11201022221012 (base 3) in base 4?
-21203320031
What is -10751 (base 8) in base 16?
-11e9
-100210112200 (base 3) to base 2
-101111000101010100
Convert 3594 (base 10) to base 11.
2778
What is 103113003331 (base 4) in base 11?
2957086
Convert 110133010130 (base 4) to base 12.
196b878
What is -187284 (base 10) in base 2?
-101101101110010100
18a1b (base 12) to base 9
54365
Convert 78158 (base 15) to base 8.
1351363
-2153112 (base 6) to base 14
-2b64c
ab8abb (base 13) to base 14
774973
3103324 (base 7) to base 10
370948
Convert -279a422 (base 13) to base 7.
-211344405
-13231 (base 12) to base 6
-321301
Convert 62331 (base 7) to base 4.
3232131
What is 1314405 (base 7) in base 12?
83690
10233414 (base 5) to base 14
23874
34726 (base 11) to base 14
143a2
-71b121 (base 14) to base 2
-1110100111111011111001
What is -54499 (base 11) in base 16?
-13511
-135b481 (base 13) to base 5
-3030432231
-33a093 (base 12) to base 7
-10010304
What is 20a510 (base 14) in base 7?
12245620
Convert 753496 (base 10) to base 5.
143102441
What is 45211535 (base 6) in base 11?
85657a
-66606 (base 9) to base 12
-21720
What is 101210020 (base 4) in base 15?
164b4
Convert -2410a (base 14) to base 2.
-10101011111001110
-132f9 (base 16) to base 7
-445053
99482 (base 13) to base 5
32340404
Convert -6362925 (base 10) to base 7.
-105040542
What is 72ab76 (base 12) in base 8?
6700012
What is -2652214 (base 7) in base 6?
-11251244
What is 525954 (base 10) in base 2?
10000000011010000010
54414b (base 12) to base 11
831467
Convert 45641a (base 11) to base 5.
141212100
Convert -19135 (base 11) to base 9.
-40654
What is -346656 (base 8) in base 3?
-20000010102
-132310322 (base 5) to base 6
-22140521
331114314 (base 5) to base 12
589429
-416b4 (base 16) to base 4
-1001122310
Convert 4cb483 (base 15) to base 7.
43210020
Convert 3461053 (base 7) to base 4.
1222030102
Convert 31240556 (base 8) to base 13.
14b457a
Convert -141673 (base 9) to base 12.
-42126
54a734 (base 14) to base 3
12101220011010
What is -322241 (base 7) in base 12?
-28518
What is 1012020011222 (base 3) in base 5?
130244424
What is -25df5 (base 16) in base 10?
-155125
What is 642a60 (base 12) in base 15?
213639
What is 413a4 (base 11) in base 8?
165724
Convert -33211314 (base 5) to base 11.
-1876a2
Convert e336 (base 15) to base 9.
72726
-572b1b (base 13) to base 16
-1f794d
-11300300132 (base 4) to base 8
-5606036
100111011111010011101 (base 2) to base 4
10323322131
-656646 (base 10) to base 2
-10100000010100000110
Convert 3127356 (base 8) to base 6.
25452114
1873797 (base 10) to base 15
2702ec
-117335 (base 11) to base 3
-100102100001
What is -14601011 (base 8) in base 11?
-19835a1
What is 20020102100 (base 3) in base 2?
11101111110011010
Convert 1243434 (base 6) to base 8.
205156
Convert -2b941 (base 12) to base 6.
-1154121
cef159 (base 16) to base 5
11432442301
What is -6a7043 (base 11) in base 14?
-212cc8
-11013211 (base 5) to base 8
-271126
Convert 133030103 (base 4) to base 13.
461cc
Convert 10010010110100111 (base 2) to base 12.
37607
fd539 (base 16) to base 6
34123453
Convert -299380 (base 13) to base 9.
-1824174
What is -1102457 (base 8) in base 13?
-a4ab8
Convert 220232010 (base 5) to base 2.
11100110111011011000
Convert a21881 (base 13) to base 5.
1431224311
-4a0739 (base 12) to base 5
-302004431
What is 40724 (base 9) in base 14?
9ac9
What is 9a378a (base 11) in base 2?
110000110110100100111
What is 210466 (base 8) in base 15?
15acc
What is -30434 (base 16) in base 4?
-300100310
What is -22824a (base 11) in base 10?
-362328
Convert 1022144423 (base 5) to base 6.
114003103
1432343 (base 7) to base 5
22133234
1101010010110000111 (base 2) to base 7
3462642
Convert 2000020010 (base 3) to base 7.
223152
Convert 404460 (base 8) to base 12.
65268
Convert -356973 (base 11) to base 2.
-10001010000100001001
What is -6d55b6 (base 14) in base 10?
-3741212
875c9c (base 13) to base 14
5cc1c9
What is -3bb082 (base 12) in base 9?
-1774078
-6571603 (base 8) to base 5
-423010100
What is -523076 (base 11) in base 6?
-25550245
What is 4a5889a (base 11) in base 9?
17464176
Convert 23121124 (base 5) to base 4.
302230300
-21221200010201 (base 3) to base 6
-230321544
1d493 (base 14) to base 4
102103321
What is 26433541 (base 7) in base 10?
2428714
What is -2210024 (base 6) in base 8?
-327140
-22155205 (base 6) to base 11
-417366
What is -6462146 (base 7) in base 5?
-200211142
Convert 26792 (base 16) to base 7.
1224302
-110121000001 (base 3) to base 6
-5151301
22012210000 (base 3) to base 12
79690
12011121303 (base 4) to base 15
2178d0
What is -168252 (base 9) in base 4?
-121200020
-1010001010010010101 (base 2) to base 8
-1212225
1134400221 (base 5) to base 6
132511134
Convert -429a942 (base 11) to base 5.
-3413221220
What is -4a18a0 (base 14) in base 11?
-14852a8
What is 144430124 (base 5) in base 12?
3174b3
-961852 (base 10) to base 5
-221234402
What is -22221103 (base 6) in base 4?
-2203331133
a82114 (base 12) to base 11
1555954
-790241 (base 12) to base 2
-111010110111001010001
64a263 (base 11) to base 5
231212431
-11010100100111011001 (base 2) to base 13
-246513
Convert 343051 (base 7) to base 16.
eea2
-a269bd (base 14) to base 15
-731b7c
Convert -58091 (base 10) to base 5.
-3324331
What is 1accc7 (base 14) in base 12?
3a20a7
Convert 234625 (base 7) to base 8.
123006
What is -111011101111010100 (base 2) in base 6?
-5124500
-12303221001 (base 4) to base 9
-3318640
-4044033 (base 9) to base 16
-20e1ca
2c95c (base 14) to base 15
23106
What is -d708c (base 14) in base 4?
-1332221110
-1300101223 (base 4) to base 11
-294576
Convert -176666 (base 12) to base 5.
-100432134
3030333020 (base 4) to base 7
10064612
Convert -21020211211010 (base 3) to base 4.
-32231013210
What is -169979 (base 14) in base 5?
-200414022
-1d012d (base 14) to base 8
-3752235
What is -62aa9 (base 12) in base 13?
-46bc0
What is -17670126 (base 8) in base 3?
-21211020001110
Convert -334133334 (base 6) to base 5.
-3023441342
What is 344545 (base 15) in base 6?
125252215
-47013 (base 15) to base 14
-5c5b1
-5d3a9 (base 15) to base 14
-7a77c
-861590 (base 10) to base 5
-210032330
What is -4617cb (base 16) in base 10?
-4593611
-25451011 (base 7) to base 3
-11100121110121
Convert 404bb2 (base 13) to base 12.
601878
Convert -25b292 (base 15) to base 8.
-6716263
Convert -86b688 (base 12) to base 8.
-10112010
-591d4 (base 15) to base 8
-1052424
40508 (base 11) to base 3
10000011202
What is -1323132020 (base 4) in base 11?
-315a70
What is -340b90 (base 13) in base 9?
-2274336
Convert -1012122101 (base 3) to base 12